169166.
2, 41, 2063
List the prime factors of 22.
2, 11
List the prime factors of 3566.
2, 1783
What are the prime factors of 1088?
2, 17
What are the prime factors of 181?
181
What are the prime factors of 9244?
2, 2311
What are the prime factors of 1204?
2, 7, 43
What are the prime factors of 1048?
2, 131
List the prime factors of 9430.
2, 5, 23, 41
List the prime factors of 271.
271
List the prime factors of 905.
5, 181
What are the prime factors of 2818?
2, 1409
What are the prime factors of 137055?
3, 5, 9137
What are the prime factors of 1539?
3, 19
List the prime factors of 44003.
79, 557
List the prime factors of 2514.
2, 3, 419
List the prime factors of 34970.
2, 5, 13, 269
List the prime factors of 13895.
5, 7, 397
What are the prime factors of 73891?
19, 3889
List the prime factors of 65548.
2, 7, 2341
What are the prime factors of 17387?
17387
What are the prime factors of 1272?
2, 3, 53
What are the prime factors of 83548?
2, 20887
List the prime factors of 600.
2, 3, 5
List the prime factors of 1478.
2, 739
What are the prime factors of 88?
2, 11
What are the prime factors of 2823?
3, 941
List the prime factors of 14352.
2, 3, 13, 23
List the prime factors of 7115.
5, 1423
What are the prime factors of 72209?
163, 443
List the prime factors of 72600.
2, 3, 5, 11
What are the prime factors of 25733?
25733
List the prime factors of 28778.
2, 14389
What are the prime factors of 7463?
17, 439
What are the prime factors of 3728?
2, 233
What are the prime factors of 35486?
2, 11, 1613
What are the prime factors of 1996?
2, 499
List the prime factors of 5691.
3, 7, 271
List the prime factors of 8034.
2, 3, 13, 103
What are the prime factors of 55014?
2, 3, 53, 173
List the prime factors of 108690.
2, 3, 5, 3623
What are the prime factors of 1165?
5, 233
What are the prime factors of 32791?
11, 271
What are the prime factors of 1436?
2, 359
List the prime factors of 2349.
3, 29
What are the prime factors of 991?
991
List the prime factors of 351.
3, 13
List the prime factors of 10348.
2, 13, 199
What are the prime factors of 1323?
3, 7
What are the prime factors of 8614?
2, 59, 73
List the prime factors of 2213.
2213
List the prime factors of 153463.
19, 41, 197
List the prime factors of 16844.
2, 4211
What are the prime factors of 19757?
23, 859
List the prime factors of 38928.
2, 3, 811
List the prime factors of 221.
13, 17
List the prime factors of 1091.
1091
What are the prime factors of 5517?
3, 613
What are the prime factors of 36991?
71, 521
List the prime factors of 16463.
101, 163
List the prime factors of 221.
13, 17
What are the prime factors of 3264?
2, 3, 17
What are the prime factors of 412?
2, 103
List the prime factors of 3217.
3217
What are the prime factors of 177?
3, 59
What are the prime factors of 1773?
3, 197
List the prime factors of 1077.
3, 359
What are the prime factors of 20938?
2, 19, 29
List the prime factors of 1662.
2, 3, 277
List the prime factors of 66488.
2, 8311
List the prime factors of 14643.
3, 1627
What are the prime factors of 4197?
3, 1399
What are the prime factors of 231?
3, 7, 11
List the prime factors of 6430.
2, 5, 643
List the prime factors of 398.
2, 199
List the prime factors of 317.
317
What are the prime factors of 4211?
4211
List the prime factors of 11179.
7, 1597
List the prime factors of 54701.
19, 2879
List the prime factors of 307.
307
What are the prime factors of 1124?
2, 281
List the prime factors of 13604.
2, 19, 179
List the prime factors of 1230.
2, 3, 5, 41
What are the prime factors of 15702?
2, 3, 2617
What are the prime factors of 6046?
2, 3023
What are the prime factors of 26192?
2, 1637
List the prime factors of 726.
2, 3, 11
List the prime factors of 84565.
5, 13, 1301
List the prime factors of 21394.
2, 19, 563
List the prime factors of 544.
2, 17
List the prime factors of 55194.
2, 3, 9199
What are the prime factors of 15627?
3, 5209
List the prime factors of 563.
563
List the prime factors of 2856.
2, 3, 7, 17
List the prime factors of 3937.
31, 127
List the prime factors of 18953.
11, 1723
What are the prime factors of 52204?
2, 31, 421
List the prime factors of 1035.
3, 5, 23
List the prime factors of 120799.
7, 17257
What are the prime factors of 23120?
2, 5, 17
List the prime factors of 858.
2, 3, 11, 13
List the prime factors of 3197.
23, 139
What are the prime factors of 25686?
2, 3, 1427
What are the prime factors of 144816?
2, 3, 7, 431
List the prime factors of 31824.
2, 3, 13, 17
List the prime factors of 619.
619
List the prime factors of 22213.
97, 229
List the prime factors of 110.
2, 5, 11
What are the prime factors of 898?
2, 449
List the prime factors of 143858.
2, 11, 13, 503
List the prime factors of 1270.
2, 5, 127
List the prime factors of 364.
2, 7, 13
What are the prime factors of 6296?
2, 787
What are the prime factors of 83814?
2, 3, 61, 229
What are the prime factors of 432?
2, 3
What are the prime factors of 913?
11, 83
List the prime factors of 2147.
19, 113
What are the prime factors of 24752?
2, 7, 13, 17
List the prime factors of 4259.
4259
List the prime factors of 97589.
23, 4243
List the prime factors of 1201.
1201
List the prime factors of 410.
2, 5, 41
What are the prime factors of 511?
7, 73
What are the prime factors of 84422?
2, 13, 17, 191
List the prime factors of 47355.
3, 5, 7, 11, 41
List the prime factors of 38312.
2, 4789
What are the prime factors of 4200?
2, 3, 5, 7
What are the prime factors of 14776?
2, 1847
What are the prime factors of 3827?
43, 89
What are the prime factors of 1726?
2, 863
List the prime factors of 1426.
2, 23, 31
What are the prime factors of 40069?
17, 2357
List the prime factors of 57351.
3, 7, 2731
List the prime factors of 2440.
2, 5, 61
What are the prime factors of 174557?
173, 1009
What are the prime factors of 1061?
1061
List the prime factors of 10351.
11, 941
What are the prime factors of 2114?
2, 7, 151
What are the prime factors of 56801?
79, 719
List the prime factors of 26037.
3, 11, 263
List the prime factors of 3117.
3, 1039
What are the prime factors of 635?
5, 127
What are the prime factors of 2366?
2, 7, 13
List the prime factors of 17747.
17747
What are the prime factors of 5084?
2, 31, 41
List the prime factors of 17462.
2, 8731
List the prime factors of 380.
2, 5, 19
List the prime factors of 634.
2, 317
List the prime factors of 11620.
2, 5, 7, 83
What are the prime factors of 285?
3, 5, 19
List the prime factors of 58926.
2, 3, 7, 23, 61
List the prime factors of 7929.
3, 881
What are the prime factors of 1457?
31, 47
What are the prime factors of 3148?
2, 787
What are the prime factors of 5786?
2, 11, 263
List the prime factors of 933.
3, 311
List the prime factors of 123.
3, 41
List the prime factors of 1311.
3, 19, 23
What are the prime factors of 25916?
2, 11, 19, 31
What are the prime factors of 2856?
2, 3, 7, 17
List the prime factors of 4357.
4357
What are the prime factors of 785?
5, 157
What are the prime factors of 702?
2, 3, 13
List the prime factors of 99094.
2, 49547
What are the prime factors of 182?
2, 7, 13
What are the prime factors of 6491?
6491
List the prime factors of 10.
2, 5
What are the prime factors of 2147?
19, 113
What are the prime factors of 1856?
2, 29
What are the prime factors of 34451?
47, 733
What are the prime factors of 342?
2, 3, 19
What are the prime factors of 1345?
5, 269
What are the prime factors of 3080?
2, 5, 7, 11
List the prime factors of 18297.
3, 19, 107
What are the prime factors of 1490?
2, 5, 149
List the prime factors of 43509.
3, 14503
What are the prime factors of 669?
3, 223
What are the prime factors of 874?
2, 19, 23
What are the prime factors of 22333?
23, 971
List the prime factors of 7534.
2, 3767
List the prime factors of 338.
2, 13
What are the prime factors of 1168?
2, 73
What are the prime factors of 11086?
2, 23, 241
List the prime factors of 6809.
11, 619
List the prime factors of 613.
613
List the prime factors of 5290.
2, 5, 23
List the prime factors of 1222.
2, 13, 47
What are the prime factors of 44191?
7, 59, 107
List the prime factors of 32761.
181
What are the prime factors of 13864?
2, 1733
What are the prime factors of 4658?
2, 17, 137
List the prime factors of 36430.
2, 5, 3643
What are the pri